at is -305 - -251355155?
251354450
In base 14, what is d8 - 3b19da?
-3b1902
In base 14, what is -8a7b - 492?
-912d
In base 5, what is 1 - 1000322111?
-1000322110
In base 16, what is -342 - 3f36?
-4278
In base 6, what is 252442243 + -5?
252442234
In base 6, what is -3 + -11043302140?
-11043302143
In base 3, what is -2010 + 201101212?
201022202
In base 11, what is -611a3 + -10888?
-71a80
In base 4, what is 0 + 3013030012?
3013030012
In base 5, what is 23343 + -13302031?
-13223133
In base 11, what is -2 + 826a5405?
826a5403
In base 16, what is 5 + -a625be?
-a625b9
In base 15, what is -10d4288 + 2?
-10d4286
In base 15, what is 9233 + -eb?
9137
In base 7, what is -2100144 + -46?
-2100223
In base 8, what is -33 + -275240?
-275273
In base 10, what is 64 - -5705044?
5705108
In base 7, what is 11444404 + 226?
11444633
In base 2, what is 101 + 10010100110010011101010?
10010100110010011101111
In base 3, what is -220221200 + -1211?
-221000111
In base 15, what is 62d - a4?
579
In base 16, what is dc7 - ca29?
-bc62
In base 6, what is -1255534321 - 3?
-1255534324
In base 9, what is -428476 + 1680?
-426686
In base 13, what is 357a - 858?
2a22
In base 2, what is -1001011011110 + -1101110001001?
-10111001100111
In base 14, what is -13c93ada + -4?
-13c93b00
In base 5, what is -23223323 + -4?
-23223332
In base 4, what is -12033103 + 1211?
-12031232
In base 14, what is 979 + 56?
9d1
In base 8, what is 103155 - 13613?
67342
In base 12, what is 0 - -2b45a7?
2b45a7
In base 14, what is -2320787 + 2?
-2320785
In base 15, what is 34d3 + -14822?
-1133e
In base 10, what is -11 - -955228?
955217
In base 15, what is -5 + 3c0b0d?
3c0b08
In base 5, what is 2 - -3002212021?
3002212023
In base 13, what is -1 + 7b1875c?
7b1875b
In base 11, what is -2 - -92a2343?
92a2341
In base 8, what is 2460353 + 257?
2460632
In base 9, what is -502315 + 212?
-502103
In base 12, what is -2 + 939847?
939845
In base 6, what is -4 + 252025130?
252025122
In base 8, what is -67602 - -53?
-67527
In base 6, what is 13 - 2044124434?
-2044124421
In base 16, what is -76 - 2e931?
-2e9a7
In base 7, what is -535 - 1021501?
-1022336
In base 15, what is 118432 + -7d?
1183a4
In base 3, what is -10001220221002122 - 11?
-10001220221002210
In base 12, what is -4 + -5703b1?
-5703b5
In base 2, what is 1000100111110 - 1010010100101?
-1101100111
In base 13, what is 159571 - -7a?
15961b
In base 6, what is 4220 - -113444?
122104
In base 16, what is -15 - -b10ab6?
b10aa1
In base 11, what is 34598 + 16a?
34757
In base 5, what is -10 - -3133404011?
3133404001
In base 3, what is 12 - -1212001101012110?
1212001101012122
In base 8, what is -2060034352 - -3?
-2060034347
In base 4, what is -1 + 103032103233?
103032103232
In base 4, what is 13310001 + -33003?
13210332
In base 16, what is -98105 + 21f?
-97ee6
In base 8, what is -332 + -76704?
-77236
In base 10, what is -45718 + -796?
-46514
In base 12, what is -370 + 240?
-130
In base 16, what is -e5d + e7f3?
d996
In base 8, what is -11 + -114452?
-114463
In base 12, what is 1225 + 5931?
6b56
In base 11, what is 730 - 5242?
-4612
In base 3, what is 121121121012101 + -2?
121121121012022
In base 11, what is -8 - -2287a80?
2287a73
In base 16, what is -bb76 - 11b3?
-cd29
In base 8, what is 114271 - -25305?
141576
In base 7, what is -212405423 - 3?
-212405426
In base 16, what is -1055c6 + -1d?
-1055e3
In base 16, what is 173c4b4 - -1?
173c4b5
In base 3, what is 111 + 2002210002?
2002210120
In base 12, what is 15b26 - 1aa?
15938
In base 14, what is -140d5 + -1442?
-15537
In base 15, what is 181a + -22a?
15e0
In base 12, what is -1110b - -1123?
-bba8
In base 4, what is 10231300233 + 23?
10231300322
In base 6, what is 250415131 + -2?
250415125
In base 10, what is 1276 - -48728?
50004
In base 3, what is -2220000020 + -212010?
-2220212100
In base 7, what is -15162514 + -12?
-15162526
In base 16, what is 2d + ad7db5?
ad7de2
In base 6, what is 15024021004 - 0?
15024021004
In base 15, what is -234a - 66?
-23b1
In base 12, what is 13319 - -59?
13376
In base 10, what is 125 + 117787?
117912
In base 12, what is -19309 + 623?
-188a6
In base 13, what is -52cb3 + 174?
-52b3c
In base 16, what is -1 + 650bb2?
650bb1
In base 11, what is 22 - 13a58764?
-13a58742
In base 16, what is 47c05 + 7?
47c0c
In base 9, what is 83226 - 272?
82844
In base 13, what is -1b76 - -3628?
1782
In base 8, what is -1713 + -253715?
-255630
In base 16, what is -1c9c + 13a?
-1b62
In base 8, what is -4770007 - 437?
-4770446
In base 7, what is -123 + 403120?
402664
In base 12, what is -2 - 6b87140?
-6b87142
In base 14, what is 3452bcb5 + 4?
3452bcb9
In base 12, what is 143b191 + -7?
143b186
In base 4, what is -102321 + -221102212?
-221211133
In base 16, what is -16 - -515c79?
515c63
In base 11, what is -59a3 - -4089?
-1915
In base 14, what is 5725087 + 4?
572508b
In base 4, what is -13130203120133 - 2?
-13130203120201
In base 11, what is -3632 - 471a3?
-4a825
In base 5, what is -224431344311 - 3?
-224431344314
In base 8, what is -2 + 106423414?
106423412
In base 11, what is 163a37390 - 1?
163a3738a
In base 12, what is 11476988 + 0?
11476988
In base 9, what is 10 + 1150258?
1150268
In base 6, what is -12101431 - 21?
-12101452
In base 8, what is 537 - 2527?
-1770
In base 10, what is -259622561 + -4?
-259622565
In base 10, what is 11230290 - -2?
11230292
In base 4, what is 31021 + 3123132?
3220213
In base 9, what is -7054 - 481?
-7545
In base 12, what is -2427ba3 - 3?
-2427ba6
In base 10, what is -285094 + -255?
-285349
In base 15, what is 45d407 + 2b?
45d433
In base 7, what is 1621154 + -6014?
1612140
In base 7, what is -12 + -1264143?
-1264155
In base 11, what is 10 + -a418743?
-a418733
In base 6, what is 2 + -541452241?
-541452235
In base 4, what is -2313013112310 + -1?
-2313013112311
In base 11, what is -78 - 20764?
-20831
In base 11, what is -24 - -3547545?
3547521
In base 5, what is -2241030214 - -32?
-2241030132
In base 11, what is 48 - -a1831?
a1879
In base 4, what is 1021 + -22122113?
-22121032
In base 9, what is -755428 - 115?
-755544
In base 3, what is 11011110101 + 20200?
11011201001
In base 2, what is -101 + -1010100000111001100?
-1010100000111010001
In base 4, what is 102211 + -1103303?
-1001032
In base 8, what is 17 - -33545261?
33545300
In base 8, what is -1 - -10641442?
10641441
In base 4, what is 3312312 - -102100?
10021012
In base 12, what is -188a94 - -9?
-188a87
In base 8, what is -746641 + 2604?
-744035
In base 4, what is -3 - 1203302020302?
-1203302020311
In base 4, what is -11 - -1120330231330?
1120330231313
In base 10, what is 2676 - -3570?
6246
In base 12, what is -36370 - -2453?
-33b19
In base 15, what is 51a - 1ed1?
-19b6
In base 3, what is 111212100222 - -120012?
111212221011
In base 16, what is -30da57 + 4?
-30da53
In base 16, what is -1f2246b - -4?
-1f22467
In base 4, what is -10 - -31023320122?
31023320112
In base 3, what is 0 + 100202022021112?
100202022021112
In base 6, what is -42112 + 3154?
-34514
In base 16, what is a634 + 4a?
a67e
In base 11, what is -1329 - 7191?
-850a
In base 4, what is -13 - 210031211?
-210031230
In base 10, what is -34 + 1538797?
1538763
In base 13, what is 27843 - 63?
277b0
In base 2, what is -101 - -1111001111010110110001?
1111001111010110101100
In base 13, what is -b58965 - 98?
-b58a30
In base 4, what is -11 + -2222003220132?
-2222003220203
In base 7, what is -3 + -3351056622?
-3351056625
In base 13, what is 4 + -25c3360?
-25c3359
In base 8, what is 45367 - -63347?
130736
In base 7, what is 25 + -14356366?
-14356341
In base 6, what is 10524 - 1134440?
-1123512
In base 7, what is -12652553611 - 0?
-12652553611
In base 14, what is -6 - 104b1a?
-104b22
In base 16, what is 3 - a40b090?
-a40b08d
In base 13, what is 804 - -a?
811
In base 13, what is 5383 + 14ab?
6861
In base 7, what is 60301 - -435363?
525664
In base 7, what is -114142036 + -11?
-114142050
In base 14, what is -23c205 + 4b?
-23c198
In base 16, what is -3 - 4ebf57?
-4ebf5a
In base 8, what is 0 - 66270570?
-66270570
In base 14, what is -1533 - -1179?
-398
In base 12, what is -46a3655 + 26?
-46a362b
In base 13, what is -a40a9 + bc?
-a3cba
In base 3, what is -2120112 - -11202?
-2101210
In base 15, what is d - -7c1ce?
7c1dc
In base 7, what is -55114 - -556?
-54225
In base 5, what is -213222 - -1010?
-212212
